{"id":34,"date":"2021-01-30T13:12:10","date_gmt":"2021-01-30T13:12:10","guid":{"rendered":"https:\/\/www.mendesecaco.com\/inicio\/?page_id=34"},"modified":"2022-08-29T08:42:48","modified_gmt":"2022-08-29T08:42:48","slug":"empresa","status":"publish","type":"page","link":"https:\/\/www.mendesecaco.com\/inicio\/empresa\/","title":{"rendered":"Empresa"},"content":{"rendered":"<div id=\"pl-34\"  class=\"panel-layout\" ><div id=\"pg-34-0\"  class=\"panel-grid panel-has-style\" ><div class=\"panel-row-style panel-row-style-for-34-0\" ><div id=\"pgc-34-0-0\"  class=\"panel-grid-cell\" ><div id=\"panel-34-0-0-0\" class=\"so-panel widget widget_sow-editor panel-first-child panel-last-child\" data-index=\"0\" ><div\n\t\t\t\n\t\t\tclass=\"so-widget-sow-editor so-widget-sow-editor-base\"\n\t\t\t\n\t\t><h3 class=\"widget-title\">SOBRE N\u00d3S<\/h3>\n<div class=\"siteorigin-widget-tinymce textwidget\">\n\t<p style=\"text-align: justify;\">A\u00a0Mendes &amp; Ca\u00e7o, Lda, empresa familiar, iniciou a sua atividade em Maio de 1986, num pequeno estabelecimento de 30m2 em Ferreira do Alentejo. As vendas efetuam-se diretamente ao cliente.<\/p>\n<p style=\"text-align: justify;\">O crescimento da empresa e a sua implanta\u00e7\u00e3o no mercado determinaram o futuro deste projeto familiar.<\/p>\n<p style=\"text-align: justify;\">Numa perspetiva de dinamiza\u00e7\u00e3o da atividade, o ano 1997 coincidiu com uma nova estrat\u00e9gia comercial. A empresa inaugura novas instala\u00e7\u00f5es com 80m2 atualmente a sua \u00e1rea comercial ronda, os 400m2. Como resultado de uma gest\u00e3o claramente orientada para o cliente, com o apoio de uma equipa de colaboradores e representando grandes marcas como a,\u00a0STIHL, VIKING, BETA, METABO, TELWIN, FINI, SKF, FAG\u00a0entre outras.<\/p>\n<p style=\"text-align: justify;\">Tendo para isso, um servi\u00e7o especializado na comercializa\u00e7\u00e3o, demonstra\u00e7\u00e3o e assist\u00eancia t\u00e9cnica.<\/p>\n<\/div>\n<\/div><\/div><\/div><\/div><\/div><\/div>","protected":false},"excerpt":{"rendered":"<p>A\u00a0Mendes &amp; Ca\u00e7o, Lda, empresa familiar, iniciou a sua atividade em Maio de 1986, num pequeno estabelecimento de 30m2 em Ferreira do Alentejo. As vendas efetuam-se diretamente ao cliente. O crescimento da empresa e a sua implanta\u00e7\u00e3o no mercado determinaram o futuro deste projeto familiar. Numa perspetiva de dinamiza\u00e7\u00e3o da atividade, o ano 1997 coincidiu [&hellip;]<\/p>\n","protected":false},"author":1,"featured_media":17,"parent":0,"menu_order":0,"comment_status":"closed","ping_status":"closed","template":"templates\/fullwidth.php","meta":{"footnotes":""},"class_list":["post-34","page","type-page","status-publish","has-post-thumbnail","hentry"],"_links":{"self":[{"href":"https:\/\/www.mendesecaco.com\/inicio\/wp-json\/wp\/v2\/pages\/34","targetHints":{"allow":["GET"]}}],"collection":[{"href":"https:\/\/www.mendesecaco.com\/inicio\/wp-json\/wp\/v2\/pages"}],"about":[{"href":"https:\/\/www.mendesecaco.com\/inicio\/wp-json\/wp\/v2\/types\/page"}],"author":[{"embeddable":true,"href":"https:\/\/www.mendesecaco.com\/inicio\/wp-json\/wp\/v2\/users\/1"}],"replies":[{"embeddable":true,"href":"https:\/\/www.mendesecaco.com\/inicio\/wp-json\/wp\/v2\/comments?post=34"}],"version-history":[{"count":19,"href":"https:\/\/www.mendesecaco.com\/inicio\/wp-json\/wp\/v2\/pages\/34\/revisions"}],"predecessor-version":[{"id":619,"href":"https:\/\/www.mendesecaco.com\/inicio\/wp-json\/wp\/v2\/pages\/34\/revisions\/619"}],"wp:featuredmedia":[{"embeddable":true,"href":"https:\/\/www.mendesecaco.com\/inicio\/wp-json\/wp\/v2\/media\/17"}],"wp:attachment":[{"href":"https:\/\/www.mendesecaco.com\/inicio\/wp-json\/wp\/v2\/media?parent=34"}],"curies":[{"name":"wp","href":"https:\/\/api.w.org\/{rel}","templated":true}]}}

<div id="pl-34"  class="panel-layout" ><div id="pg-34-0"  class="panel-grid panel-has-style" ><div class="panel-row-style panel-row-style-for-34-0" ><div id="pgc-34-0-0"  class="panel-grid-cell" ><div id="panel-34-0-0-0" class="so-panel widget widget_sow-editor panel-first-child panel-last-child" data-index="0" ><div
			
			class="so-widget-sow-editor so-widget-sow-editor-base"
			
		><h3 class="widget-title">SOBRE NÓS</h3>
<div class="siteorigin-widget-tinymce textwidget">
	<p style="text-align: justify;">A Mendes &amp; Caço, Lda, empresa familiar, iniciou a sua atividade em Maio de 1986, num pequeno estabelecimento de 30m2 em Ferreira do Alentejo. As vendas efetuam-se diretamente ao cliente.</p>
<p style="text-align: justify;">O crescimento da empresa e a sua implantação no mercado determinaram o futuro deste projeto familiar.</p>
<p style="text-align: justify;">Numa perspetiva de dinamização da atividade, o ano 1997 coincidiu com uma nova estratégia comercial. A empresa inaugura novas instalações com 80m2 atualmente a sua área comercial ronda, os 400m2. Como resultado de uma gestão claramente orientada para o cliente, com o apoio de uma equipa de colaboradores e representando grandes marcas como a, STIHL, VIKING, BETA, METABO, TELWIN, FINI, SKF, FAG entre outras.</p>
<p style="text-align: justify;">Tendo para isso, um serviço especializado na comercialização, demonstração e assistência técnica.</p>
</div>
</div></div></div></div></div></div>

<p>A Mendes &amp; Caço, Lda, empresa familiar, iniciou a sua atividade em Maio de 1986, num pequeno estabelecimento de 30m2 em Ferreira do Alentejo. As vendas efetuam-se diretamente ao cliente. O crescimento da empresa e a sua implantação no mercado determinaram o futuro deste projeto familiar. Numa perspetiva de dinamização da atividade, o ano 1997 coincidiu [&hellip;]</p>
