{"id":329,"date":"2022-08-28T15:35:34","date_gmt":"2022-08-28T15:35:34","guid":{"rendered":"https:\/\/www.mendesecaco.com\/inicio\/?page_id=329"},"modified":"2022-08-29T17:21:46","modified_gmt":"2022-08-29T17:21:46","slug":"jardim-e-floresta","status":"publish","type":"page","link":"https:\/\/www.mendesecaco.com\/inicio\/politicas-de-privacidade\/jardim-e-floresta\/","title":{"rendered":"Jardim e Floresta"},"content":{"rendered":"<div id=\"pl-329\"  class=\"panel-layout\" ><div id=\"pg-329-0\"  class=\"panel-grid panel-no-style\" ><div id=\"pgc-329-0-0\"  class=\"panel-grid-cell\" ><div id=\"panel-329-0-0-0\" class=\"so-panel widget widget_sow-slider panel-first-child panel-last-child\" data-index=\"0\" ><div\n\t\t\t\n\t\t\tclass=\"so-widget-sow-slider so-widget-sow-slider-default-6d39609536fd-329\"\n\t\t\t\n\t\t>\t\t\t\t<div class=\"sow-slider-base\" style=\"display: none\" tabindex=\"0\">\n\t\t\t\t\t<ul\n\t\t\t\t\tclass=\"sow-slider-images\"\n\t\t\t\t\tdata-settings=\"{&quot;pagination&quot;:true,&quot;speed&quot;:800,&quot;timeout&quot;:8000,&quot;paused&quot;:false,&quot;pause_on_hover&quot;:true,&quot;swipe&quot;:true,&quot;nav_always_show_desktop&quot;:&quot;&quot;,&quot;nav_always_show_mobile&quot;:&quot;&quot;,&quot;breakpoint&quot;:&quot;780px&quot;,&quot;unmute&quot;:false,&quot;anchor&quot;:null}\"\n\t\t\t\t\t\t\t\t\t\tdata-anchor-id=\"\"\n\t\t\t\t>\t\t<li class=\"sow-slider-image\" style=\"visibility: visible;\" >\n\t\t\t\t\t\t<img loading=\"lazy\" decoding=\"async\" width=\"2133\" height=\"665\" src=\"https:\/\/www.mendesecaco.com\/inicio\/wp-content\/uploads\/2022\/08\/banner_produto_jardim_01.png\" class=\"sow-slider-background-image\" alt=\"\" style=\"\" srcset=\"https:\/\/www.mendesecaco.com\/inicio\/wp-content\/uploads\/2022\/08\/banner_produto_jardim_01.png 2133w, https:\/\/www.mendesecaco.com\/inicio\/wp-content\/uploads\/2022\/08\/banner_produto_jardim_01-300x94.png 300w, https:\/\/www.mendesecaco.com\/inicio\/wp-content\/uploads\/2022\/08\/banner_produto_jardim_01-1024x319.png 1024w, https:\/\/www.mendesecaco.com\/inicio\/wp-content\/uploads\/2022\/08\/banner_produto_jardim_01-768x239.png 768w, https:\/\/www.mendesecaco.com\/inicio\/wp-content\/uploads\/2022\/08\/banner_produto_jardim_01-1536x479.png 1536w, https:\/\/www.mendesecaco.com\/inicio\/wp-content\/uploads\/2022\/08\/banner_produto_jardim_01-2048x638.png 2048w\" sizes=\"auto, (max-width: 2133px) 100vw, 2133px\" \/>\t\t<\/li>\n\t\t\t\t<li class=\"sow-slider-image\" style=\"visibility: hidden;\" >\n\t\t\t\t\t\t<img loading=\"lazy\" decoding=\"async\" width=\"2133\" height=\"664\" src=\"https:\/\/www.mendesecaco.com\/inicio\/wp-content\/uploads\/2022\/08\/banner_produto_jardim_02.png\" class=\"sow-slider-background-image\" alt=\"\" style=\"\" srcset=\"https:\/\/www.mendesecaco.com\/inicio\/wp-content\/uploads\/2022\/08\/banner_produto_jardim_02.png 2133w, https:\/\/www.mendesecaco.com\/inicio\/wp-content\/uploads\/2022\/08\/banner_produto_jardim_02-300x93.png 300w, https:\/\/www.mendesecaco.com\/inicio\/wp-content\/uploads\/2022\/08\/banner_produto_jardim_02-1024x319.png 1024w, https:\/\/www.mendesecaco.com\/inicio\/wp-content\/uploads\/2022\/08\/banner_produto_jardim_02-768x239.png 768w, https:\/\/www.mendesecaco.com\/inicio\/wp-content\/uploads\/2022\/08\/banner_produto_jardim_02-1536x478.png 1536w, https:\/\/www.mendesecaco.com\/inicio\/wp-content\/uploads\/2022\/08\/banner_produto_jardim_02-2048x638.png 2048w\" sizes=\"auto, (max-width: 2133px) 100vw, 2133px\" \/>\t\t<\/li>\n\t\t\t\t<li class=\"sow-slider-image\" style=\"visibility: hidden;\" >\n\t\t\t\t\t\t<img loading=\"lazy\" decoding=\"async\" width=\"2133\" height=\"665\" src=\"https:\/\/www.mendesecaco.com\/inicio\/wp-content\/uploads\/2022\/08\/banner_produto_jardim_03.png\" class=\"sow-slider-background-image\" alt=\"\" style=\"\" srcset=\"https:\/\/www.mendesecaco.com\/inicio\/wp-content\/uploads\/2022\/08\/banner_produto_jardim_03.png 2133w, https:\/\/www.mendesecaco.com\/inicio\/wp-content\/uploads\/2022\/08\/banner_produto_jardim_03-300x94.png 300w, https:\/\/www.mendesecaco.com\/inicio\/wp-content\/uploads\/2022\/08\/banner_produto_jardim_03-1024x319.png 1024w, https:\/\/www.mendesecaco.com\/inicio\/wp-content\/uploads\/2022\/08\/banner_produto_jardim_03-768x239.png 768w, https:\/\/www.mendesecaco.com\/inicio\/wp-content\/uploads\/2022\/08\/banner_produto_jardim_03-1536x479.png 1536w, https:\/\/www.mendesecaco.com\/inicio\/wp-content\/uploads\/2022\/08\/banner_produto_jardim_03-2048x638.png 2048w\" sizes=\"auto, (max-width: 2133px) 100vw, 2133px\" \/>\t\t<\/li>\n\t\t<\/ul>\t\t\t\t<ol class=\"sow-slider-pagination\">\n\t\t\t\t\t\t\t\t\t\t\t<li><a href=\"#\" data-goto=\"0\" aria-label=\"Display slide 1\"><\/a><\/li>\n\t\t\t\t\t\t\t\t\t\t\t<li><a href=\"#\" data-goto=\"1\" aria-label=\"Display slide 2\"><\/a><\/li>\n\t\t\t\t\t\t\t\t\t\t\t<li><a href=\"#\" data-goto=\"2\" aria-label=\"Display slide 3\"><\/a><\/li>\n\t\t\t\t\t\t\t\t\t<\/ol>\n\n\t\t\t\t<div class=\"sow-slide-nav sow-slide-nav-next\">\n\t\t\t\t\t<a href=\"#\" data-goto=\"next\" aria-label=\"Next slide\" data-action=\"next\">\n\t\t\t\t\t\t<em class=\"sow-sld-icon-thin-right\"><\/em>\n\t\t\t\t\t<\/a>\n\t\t\t\t<\/div>\n\n\t\t\t\t<div class=\"sow-slide-nav sow-slide-nav-prev\">\n\t\t\t\t\t<a href=\"#\" data-goto=\"previous\" aria-label=\"Previous slide\" data-action=\"prev\">\n\t\t\t\t\t\t<em class=\"sow-sld-icon-thin-left\"><\/em>\n\t\t\t\t\t<\/a>\n\t\t\t\t<\/div>\n\t\t\t\t<\/div><\/div><\/div><\/div><\/div><div id=\"pg-329-1\"  class=\"panel-grid panel-has-style\" ><div class=\"panel-row-style panel-row-style-for-329-1\" ><div id=\"pgc-329-1-0\"  class=\"panel-grid-cell\" ><div id=\"panel-329-1-0-0\" class=\"so-panel widget widget_lsow-heading panel-first-child\" data-index=\"1\" ><div\n\t\t\t\n\t\t\tclass=\"so-widget-lsow-heading so-widget-lsow-heading-default-c5296dd96cc2-329\"\n\t\t\t\n\t\t><div class=\"lsow-heading lsow-style3 lsow-alignleft \" ><h3 class=\"lsow-title\">JARDIM E FLORESTA<\/h3><\/div><!-- .lsow-heading --><\/div><\/div><div id=\"panel-329-1-0-1\" class=\"so-panel widget widget_sow-editor\" data-index=\"2\" ><div\n\t\t\t\n\t\t\tclass=\"so-widget-sow-editor so-widget-sow-editor-base\"\n\t\t\t\n\t\t><h3 class=\"widget-title\">OPEM<\/h3>\n<div class=\"siteorigin-widget-tinymce textwidget\">\n\t<p>Descri\u00e7\u00e3o: M\u00e1quinas e acess\u00f3rios para Jardim e Floresta.<\/p>\n<p>Cat\u00e1logo: <a href=\"https:\/\/www.mendesecaco.com\/inicio\/wp-content\/uploads\/2022\/08\/catalogo_opem.pdf\" target=\"_blank\" rel=\"noopener\">opem.pdf<\/a><\/p>\n<\/div>\n<\/div><\/div><div id=\"panel-329-1-0-2\" class=\"so-panel widget widget_sow-editor\" data-index=\"3\" ><div\n\t\t\t\n\t\t\tclass=\"so-widget-sow-editor so-widget-sow-editor-base\"\n\t\t\t\n\t\t><h3 class=\"widget-title\">MARINA<\/h3>\n<div class=\"siteorigin-widget-tinymce textwidget\">\n\t<p>Descri\u00e7\u00e3o: M\u00e1quinas e acess\u00f3rios para Jardim e Floresta.<\/p>\n<p>Website: <a href=\"http:\/\/www.marinasystems.it\/\" target=\"_blank\" rel=\"noopener\">www.marinasystems.it<\/a><\/p>\n<\/div>\n<\/div><\/div><div id=\"panel-329-1-0-3\" class=\"so-panel widget widget_sow-editor\" data-index=\"4\" ><div\n\t\t\t\n\t\t\tclass=\"so-widget-sow-editor so-widget-sow-editor-base\"\n\t\t\t\n\t\t><h3 class=\"widget-title\">STHIL<\/h3>\n<div class=\"siteorigin-widget-tinymce textwidget\">\n\t<p>Descri\u00e7\u00e3o: Ferramentas el\u00e9tricas e acess\u00f3rios.<\/p>\n<p>Website: <a href=\"http:\/\/www.stihl.pt\" target=\"_blank\" rel=\"noopener\">www.stihl.pt<\/a><\/p>\n<p>Cat\u00e1logo: <a href=\"https:\/\/www.mendesecaco.com\/inicio\/wp-content\/uploads\/2022\/08\/catalogo_opem.pdf\" target=\"_blank\" rel=\"noopener\">sthil.pdf<\/a><\/p>\n<\/div>\n<\/div><\/div><div id=\"panel-329-1-0-4\" class=\"so-panel widget widget_sow-editor panel-last-child\" data-index=\"5\" ><div\n\t\t\t\n\t\t\tclass=\"so-widget-sow-editor so-widget-sow-editor-base\"\n\t\t\t\n\t\t><h3 class=\"widget-title\">VIKING<\/h3>\n<div class=\"siteorigin-widget-tinymce textwidget\">\n\t<p>Descri\u00e7\u00e3o: Ferramentas e materiais para bricolage.<\/p>\n<p>Website: <a href=\"http:\/\/www.viking-jardim.pt\/\" target=\"_blank\" rel=\"noopener\">www.viking-jardim.pt<\/a><\/p>\n<p>Cat\u00e1logo: v<a href=\"https:\/\/www.mendesecaco.com\/inicio\/wp-content\/uploads\/2022\/08\/catalogo_viking_2013_pt.pdf\" target=\"_blank\" rel=\"noopener\">viking_jardim.pdf<\/a><\/p>\n<\/div>\n<\/div><\/div><\/div><div id=\"pgc-329-1-1\"  class=\"panel-grid-cell\" ><div id=\"panel-329-1-1-0\" class=\"so-panel widget widget_nav_menu panel-first-child\" data-index=\"6\" ><h3 class=\"widget-title\">Produtos<\/h3><div class=\"menu-produtos-lateral-container\"><ul id=\"menu-produtos-lateral\" class=\"menu\"><li id=\"menu-item-103\" class=\"menu-item menu-item-type-post_type menu-item-object-page menu-item-103\"><a href=\"https:\/\/www.mendesecaco.com\/inicio\/politicas-de-privacidade\/ar-comprimido-pintura\/\">Ar Comprimido e Pintura<\/a><\/li>\n<li id=\"menu-item-332\" class=\"menu-item menu-item-type-post_type menu-item-object-page menu-item-332\"><a href=\"https:\/\/www.mendesecaco.com\/inicio\/politicas-de-privacidade\/jardim-e-floresta\/\">Jardim e Floresta<\/a><\/li>\n<li id=\"menu-item-426\" class=\"menu-item menu-item-type-post_type menu-item-object-page menu-item-426\"><a href=\"https:\/\/www.mendesecaco.com\/inicio\/politicas-de-privacidade\/ferramentas-manuais\/\">Ferramentas Manuais<\/a><\/li>\n<li id=\"menu-item-458\" class=\"menu-item menu-item-type-post_type menu-item-object-page menu-item-458\"><a href=\"https:\/\/www.mendesecaco.com\/inicio\/politicas-de-privacidade\/ferramentas-eletricas\/\">Ferramentas Eletricas<\/a><\/li>\n<li id=\"menu-item-478\" class=\"menu-item menu-item-type-post_type menu-item-object-page menu-item-478\"><a href=\"https:\/\/www.mendesecaco.com\/inicio\/politicas-de-privacidade\/equipamentos-para-madeiras\/\">Equipamentos para Madeiras<\/a><\/li>\n<li id=\"menu-item-498\" class=\"menu-item menu-item-type-post_type menu-item-object-page menu-item-498\"><a href=\"https:\/\/www.mendesecaco.com\/inicio\/politicas-de-privacidade\/equipamentos-para-matalomecanica\/\">Equipamentos para Metalomec\u00e2nica<\/a><\/li>\n<li id=\"menu-item-517\" class=\"menu-item menu-item-type-post_type menu-item-object-page menu-item-517\"><a href=\"https:\/\/www.mendesecaco.com\/inicio\/politicas-de-privacidade\/garagem-e-estacao-servico\/\">Garagem e Esta\u00e7\u00e3o de Servi\u00e7o<\/a><\/li>\n<li id=\"menu-item-533\" class=\"menu-item menu-item-type-post_type menu-item-object-page menu-item-533\"><a href=\"https:\/\/www.mendesecaco.com\/inicio\/politicas-de-privacidade\/outras-maquinas-e-acessorios\/\">Outras M\u00e1quinas e Acess\u00f3rios<\/a><\/li>\n<\/ul><\/div><\/div><div id=\"panel-329-1-1-1\" class=\"so-panel widget widget_search panel-last-child\" data-index=\"7\" ><form method=\"get\" id=\"searchform\" action=\"https:\/\/www.mendesecaco.com\/inicio\/\">\n\t<div class=\"form-group\">\n    \t<input type=\"text\" class=\"form-control\"  name=\"s\" id=\"s\"\/ required>\n    \t<label>Pesquisar<\/label>\n\t<\/div>\n\t<button type=\"submit\" class=\"btn\">Pesquisar<\/button>\n<\/form><\/div><\/div><\/div><\/div><\/div>","protected":false},"excerpt":{"rendered":"<p>Descri\u00e7\u00e3o: M\u00e1quinas e acess\u00f3rios para Jardim e Floresta. Cat\u00e1logo: opem.pdf Descri\u00e7\u00e3o: M\u00e1quinas e acess\u00f3rios para Jardim e Floresta. Website: www.marinasystems.it Descri\u00e7\u00e3o: Ferramentas el\u00e9tricas e acess\u00f3rios. Website: www.stihl.pt Cat\u00e1logo: sthil.pdf Descri\u00e7\u00e3o: Ferramentas e materiais para bricolage. Website: www.viking-jardim.pt Cat\u00e1logo: vviking_jardim.pdf<\/p>\n","protected":false},"author":1,"featured_media":0,"parent":36,"menu_order":0,"comment_status":"closed","ping_status":"closed","template":"templates\/fullwidth.php","meta":{"footnotes":""},"class_list":["post-329","page","type-page","status-publish","hentry"],"_links":{"self":[{"href":"https:\/\/www.mendesecaco.com\/inicio\/wp-json\/wp\/v2\/pages\/329","targetHints":{"allow":["GET"]}}],"collection":[{"href":"https:\/\/www.mendesecaco.com\/inicio\/wp-json\/wp\/v2\/pages"}],"about":[{"href":"https:\/\/www.mendesecaco.com\/inicio\/wp-json\/wp\/v2\/types\/page"}],"author":[{"embeddable":true,"href":"https:\/\/www.mendesecaco.com\/inicio\/wp-json\/wp\/v2\/users\/1"}],"replies":[{"embeddable":true,"href":"https:\/\/www.mendesecaco.com\/inicio\/wp-json\/wp\/v2\/comments?post=329"}],"version-history":[{"count":20,"href":"https:\/\/www.mendesecaco.com\/inicio\/wp-json\/wp\/v2\/pages\/329\/revisions"}],"predecessor-version":[{"id":697,"href":"https:\/\/www.mendesecaco.com\/inicio\/wp-json\/wp\/v2\/pages\/329\/revisions\/697"}],"up":[{"embeddable":true,"href":"https:\/\/www.mendesecaco.com\/inicio\/wp-json\/wp\/v2\/pages\/36"}],"wp:attachment":[{"href":"https:\/\/www.mendesecaco.com\/inicio\/wp-json\/wp\/v2\/media?parent=329"}],"curies":[{"name":"wp","href":"https:\/\/api.w.org\/{rel}","templated":true}]}}